{"id":530,"date":"2026-02-02T15:34:21","date_gmt":"2026-02-02T15:34:21","guid":{"rendered":"https:\/\/candelasantana.fpcei.eu\/?page_id=530"},"modified":"2026-02-02T15:34:21","modified_gmt":"2026-02-02T15:34:21","slug":"nautica","status":"publish","type":"page","link":"https:\/\/candelasantana.fpcei.eu\/?page_id=530","title":{"rendered":"N\u00c1UTICA"},"content":{"rendered":"\n<p>Navegar en las aguas del campamento es una experiencia que te cambia la forma de ver el horizonte. Para nosotros, no se trata solo de subir a un bote y remar; es entablar una conversaci\u00f3n con las corrientes y los esp\u00edritus que habitan bajo la superficie. Los hijos de Poseid\u00f3n se mueven por la cubierta con una estabilidad envidiable, pareciendo adivinar cada cambio en el viento antes de que ocurra, mientras el resto de nosotros nos esforzamos por ajustar las velas y evitar que las n\u00e1yades m\u00e1s traviesas vuelquen la embarcaci\u00f3n por pura diversi\u00f3n. Hay una magia especial en sentir c\u00f3mo el casco corta las olas, sabiendo que el lago no es solo agua, sino un territorio vivo que nos pone a prueba constantemente.<\/p>\n\n\n\n<p>La verdadera lecci\u00f3n de n\u00e1utica comienza cuando el cielo se oscurece y las olas deciden que hoy no ser\u00e1 un viaje tranquilo. Es ah\u00ed donde aprendemos que la coordinaci\u00f3n es nuestro salvavidas m\u00e1s valioso: los hijos de Atenea analizan la posici\u00f3n de las estrellas para guiarnos, mientras los de Hefesto se aseguran de que el aparejo resista la presi\u00f3n. Aprender a maniobrar una trirreme o un peque\u00f1o velero nos da una perspectiva de libertad que no encontramos en tierra firme. Al final, cuando regresamos al muelle con la sal en la piel y el balanceo del mar a\u00fan en las piernas, entendemos que dominar el arte de la navegaci\u00f3n es, en esencia, aprender a mantener el rumbo incluso cuando el mundo entero parece estar a la deriva.<\/p>\n\n\n\n<figure class=\"wp-block-image size-full\"><img fetchpriority=\"high\" decoding=\"async\" width=\"800\" height=\"533\" src=\"https:\/\/candelasantana.fpcei.eu\/wp-content\/uploads\/2026\/02\/1555062758-grupo-de-chicas-lancha-responsive.jpg\" alt=\"\" class=\"wp-image-531\" srcset=\"https:\/\/candelasantana.fpcei.eu\/wp-content\/uploads\/2026\/02\/1555062758-grupo-de-chicas-lancha-responsive.jpg 800w, https:\/\/candelasantana.fpcei.eu\/wp-content\/uploads\/2026\/02\/1555062758-grupo-de-chicas-lancha-responsive-600x400.jpg 600w, https:\/\/candelasantana.fpcei.eu\/wp-content\/uploads\/2026\/02\/1555062758-grupo-de-chicas-lancha-responsive-300x200.jpg 300w, https:\/\/candelasantana.fpcei.eu\/wp-content\/uploads\/2026\/02\/1555062758-grupo-de-chicas-lancha-responsive-768x512.jpg 768w\" sizes=\"(max-width: 800px) 100vw, 800px\" \/><\/figure>\n","protected":false},"excerpt":{"rendered":"<p>Navegar en las aguas del campamento es una experiencia que te cambia la forma de ver el horizonte. Para nosotros, no se trata solo de subir a un bote y remar; es entablar una conversaci\u00f3n con las corrientes y los esp\u00edritus que habitan bajo la superficie. Los hijos de Poseid\u00f3n se mueven por la cubierta [&hellip;]<\/p>\n","protected":false},"author":2,"featured_media":533,"parent":0,"menu_order":0,"comment_status":"closed","ping_status":"closed","template":"","meta":{"_uag_custom_page_level_css":"","footnotes":""},"class_list":["post-530","page","type-page","status-publish","has-post-thumbnail","hentry"],"uagb_featured_image_src":{"full":["https:\/\/candelasantana.fpcei.eu\/wp-content\/uploads\/2026\/02\/campamento-nautico-valencia-banana.jpg",800,533,false],"thumbnail":["https:\/\/candelasantana.fpcei.eu\/wp-content\/uploads\/2026\/02\/campamento-nautico-valencia-banana-150x150.jpg",150,150,true],"medium":["https:\/\/candelasantana.fpcei.eu\/wp-content\/uploads\/2026\/02\/campamento-nautico-valencia-banana-300x200.jpg",300,200,true],"medium_large":["https:\/\/candelasantana.fpcei.eu\/wp-content\/uploads\/2026\/02\/campamento-nautico-valencia-banana-768x512.jpg",640,427,true],"large":["https:\/\/candelasantana.fpcei.eu\/wp-content\/uploads\/2026\/02\/campamento-nautico-valencia-banana.jpg",640,426,false],"1536x1536":["https:\/\/candelasantana.fpcei.eu\/wp-content\/uploads\/2026\/02\/campamento-nautico-valencia-banana.jpg",800,533,false],"2048x2048":["https:\/\/candelasantana.fpcei.eu\/wp-content\/uploads\/2026\/02\/campamento-nautico-valencia-banana.jpg",800,533,false],"blogarise-slider-full":["https:\/\/candelasantana.fpcei.eu\/wp-content\/uploads\/2026\/02\/campamento-nautico-valencia-banana.jpg",800,533,false],"blogarise-featured":["https:\/\/candelasantana.fpcei.eu\/wp-content\/uploads\/2026\/02\/campamento-nautico-valencia-banana.jpg",800,533,false],"blogarise-medium":["https:\/\/candelasantana.fpcei.eu\/wp-content\/uploads\/2026\/02\/campamento-nautico-valencia-banana-720x380.jpg",720,380,true],"woocommerce_thumbnail":["https:\/\/candelasantana.fpcei.eu\/wp-content\/uploads\/2026\/02\/campamento-nautico-valencia-banana-300x300.jpg",300,300,true],"woocommerce_single":["https:\/\/candelasantana.fpcei.eu\/wp-content\/uploads\/2026\/02\/campamento-nautico-valencia-banana-600x400.jpg",600,400,true],"woocommerce_gallery_thumbnail":["https:\/\/candelasantana.fpcei.eu\/wp-content\/uploads\/2026\/02\/campamento-nautico-valencia-banana-100x100.jpg",100,100,true]},"uagb_author_info":{"display_name":"candela","author_link":"https:\/\/candelasantana.fpcei.eu\/?author=2"},"uagb_comment_info":0,"uagb_excerpt":"Navegar en las aguas del campamento es una experiencia que te cambia la forma de ver el horizonte. Para nosotros, no se trata solo de subir a un bote y remar; es entablar una conversaci\u00f3n con las corrientes y los esp\u00edritus que habitan bajo la superficie. Los hijos de Poseid\u00f3n se mueven por la cubierta&hellip;","_links":{"self":[{"href":"https:\/\/candelasantana.fpcei.eu\/index.php?rest_route=\/wp\/v2\/pages\/530","targetHints":{"allow":["GET"]}}],"collection":[{"href":"https:\/\/candelasantana.fpcei.eu\/index.php?rest_route=\/wp\/v2\/pages"}],"about":[{"href":"https:\/\/candelasantana.fpcei.eu\/index.php?rest_route=\/wp\/v2\/types\/page"}],"author":[{"embeddable":true,"href":"https:\/\/candelasantana.fpcei.eu\/index.php?rest_route=\/wp\/v2\/users\/2"}],"replies":[{"embeddable":true,"href":"https:\/\/candelasantana.fpcei.eu\/index.php?rest_route=%2Fwp%2Fv2%2Fcomments&post=530"}],"version-history":[{"count":1,"href":"https:\/\/candelasantana.fpcei.eu\/index.php?rest_route=\/wp\/v2\/pages\/530\/revisions"}],"predecessor-version":[{"id":534,"href":"https:\/\/candelasantana.fpcei.eu\/index.php?rest_route=\/wp\/v2\/pages\/530\/revisions\/534"}],"wp:featuredmedia":[{"embeddable":true,"href":"https:\/\/candelasantana.fpcei.eu\/index.php?rest_route=\/wp\/v2\/media\/533"}],"wp:attachment":[{"href":"https:\/\/candelasantana.fpcei.eu\/index.php?rest_route=%2Fwp%2Fv2%2Fmedia&parent=530"}],"curies":[{"name":"wp","href":"https:\/\/api.w.org\/{rel}","templated":true}]}}