{"id":539,"date":"2026-02-02T15:38:06","date_gmt":"2026-02-02T15:38:06","guid":{"rendered":"https:\/\/candelasantana.fpcei.eu\/?page_id=539"},"modified":"2026-02-02T15:38:06","modified_gmt":"2026-02-02T15:38:06","slug":"escalada","status":"publish","type":"page","link":"https:\/\/candelasantana.fpcei.eu\/?page_id=539","title":{"rendered":"ESCALADA"},"content":{"rendered":"\n<p>La pared de escalada del campamento no es para los que temen a las alturas ni para los que se distraen f\u00e1cilmente. A diferencia de las paredes de gimnasio de los mortales, la nuestra est\u00e1 viva y tiene un temperamento bastante explosivo. Para nosotros, subir por esas presas de piedra mientras dos enormes placas de roca chocan entre s\u00ed, amenazando con aplastarte como a una uva, es el pan de cada d\u00eda. Los hijos de Hermes suben con una agilidad que roza lo insultante, como si la gravedad fuera solo una sugerencia, mientras que los hijos de Atenea analizan cada grieta y saliente antes de mover un solo dedo. Es un ejercicio de pura tensi\u00f3n muscular y mental, donde el calor que emana de las grietas te recuerda que, si no te mueves r\u00e1pido, la lava que fluye por los bordes har\u00e1 que tu descenso sea mucho m\u00e1s \u00abardiente\u00bb de lo planeado.<\/p>\n\n\n\n<p>Lo m\u00e1s incre\u00edble es la vista que obtienes cuando finalmente llegas a la cima, con los pulmones ardiendo y los dedos entumecidos. Desde ah\u00ed arriba, puedes ver todo el campamento: las caba\u00f1as brillando bajo el sol, el campo de fresas y el brillo azul del estrecho de Long Island. En ese momento, el miedo a caer o a ser chamuscado por un chorro de fuego desaparece, reemplazado por una sensaci\u00f3n de triunfo que solo otro semidi\u00f3s puede entender. Intercambiamos miradas de respeto con los que est\u00e1n a nuestro lado, bajando luego por las cuerdas con la adrenalina todav\u00eda a mil. Al final, cada rasp\u00f3n en las rodillas y cada quemadura leve en el equipo son marcas de guerra que lucimos con orgullo, sabiendo que hemos conquistado uno de los desaf\u00edos m\u00e1s verticales y peligrosos del mundo griego.<\/p>\n\n\n\n<figure class=\"wp-block-image size-full\"><img fetchpriority=\"high\" decoding=\"async\" width=\"1024\" height=\"682\" src=\"https:\/\/candelasantana.fpcei.eu\/wp-content\/uploads\/2026\/02\/2107_CV-Activa_1070-2-1024x682-1.jpg\" alt=\"\" class=\"wp-image-541\" srcset=\"https:\/\/candelasantana.fpcei.eu\/wp-content\/uploads\/2026\/02\/2107_CV-Activa_1070-2-1024x682-1.jpg 1024w, https:\/\/candelasantana.fpcei.eu\/wp-content\/uploads\/2026\/02\/2107_CV-Activa_1070-2-1024x682-1-600x400.jpg 600w, https:\/\/candelasantana.fpcei.eu\/wp-content\/uploads\/2026\/02\/2107_CV-Activa_1070-2-1024x682-1-300x200.jpg 300w, https:\/\/candelasantana.fpcei.eu\/wp-content\/uploads\/2026\/02\/2107_CV-Activa_1070-2-1024x682-1-768x512.jpg 768w\" sizes=\"(max-width: 1024px) 100vw, 1024px\" \/><\/figure>\n","protected":false},"excerpt":{"rendered":"<p>La pared de escalada del campamento no es para los que temen a las alturas ni para los que se distraen f\u00e1cilmente. A diferencia de las paredes de gimnasio de los mortales, la nuestra est\u00e1 viva y tiene un temperamento bastante explosivo. Para nosotros, subir por esas presas de piedra mientras dos enormes placas de [&hellip;]<\/p>\n","protected":false},"author":2,"featured_media":540,"parent":0,"menu_order":0,"comment_status":"closed","ping_status":"closed","template":"","meta":{"_uag_custom_page_level_css":"","footnotes":""},"class_list":["post-539","page","type-page","status-publish","has-post-thumbnail","hentry"],"uagb_featured_image_src":{"full":["https:\/\/candelasantana.fpcei.eu\/wp-content\/uploads\/2026\/02\/e8Sport_Escalada-Exterior_M_800px.webp",800,500,false],"thumbnail":["https:\/\/candelasantana.fpcei.eu\/wp-content\/uploads\/2026\/02\/e8Sport_Escalada-Exterior_M_800px-150x150.webp",150,150,true],"medium":["https:\/\/candelasantana.fpcei.eu\/wp-content\/uploads\/2026\/02\/e8Sport_Escalada-Exterior_M_800px-300x188.webp",300,188,true],"medium_large":["https:\/\/candelasantana.fpcei.eu\/wp-content\/uploads\/2026\/02\/e8Sport_Escalada-Exterior_M_800px-768x480.webp",640,400,true],"large":["https:\/\/candelasantana.fpcei.eu\/wp-content\/uploads\/2026\/02\/e8Sport_Escalada-Exterior_M_800px.webp",640,400,false],"1536x1536":["https:\/\/candelasantana.fpcei.eu\/wp-content\/uploads\/2026\/02\/e8Sport_Escalada-Exterior_M_800px.webp",800,500,false],"2048x2048":["https:\/\/candelasantana.fpcei.eu\/wp-content\/uploads\/2026\/02\/e8Sport_Escalada-Exterior_M_800px.webp",800,500,false],"blogarise-slider-full":["https:\/\/candelasantana.fpcei.eu\/wp-content\/uploads\/2026\/02\/e8Sport_Escalada-Exterior_M_800px.webp",800,500,false],"blogarise-featured":["https:\/\/candelasantana.fpcei.eu\/wp-content\/uploads\/2026\/02\/e8Sport_Escalada-Exterior_M_800px.webp",800,500,false],"blogarise-medium":["https:\/\/candelasantana.fpcei.eu\/wp-content\/uploads\/2026\/02\/e8Sport_Escalada-Exterior_M_800px-720x380.webp",720,380,true],"woocommerce_thumbnail":["https:\/\/candelasantana.fpcei.eu\/wp-content\/uploads\/2026\/02\/e8Sport_Escalada-Exterior_M_800px-300x300.webp",300,300,true],"woocommerce_single":["https:\/\/candelasantana.fpcei.eu\/wp-content\/uploads\/2026\/02\/e8Sport_Escalada-Exterior_M_800px-600x375.webp",600,375,true],"woocommerce_gallery_thumbnail":["https:\/\/candelasantana.fpcei.eu\/wp-content\/uploads\/2026\/02\/e8Sport_Escalada-Exterior_M_800px-100x100.webp",100,100,true]},"uagb_author_info":{"display_name":"candela","author_link":"https:\/\/candelasantana.fpcei.eu\/?author=2"},"uagb_comment_info":0,"uagb_excerpt":"La pared de escalada del campamento no es para los que temen a las alturas ni para los que se distraen f\u00e1cilmente. A diferencia de las paredes de gimnasio de los mortales, la nuestra est\u00e1 viva y tiene un temperamento bastante explosivo. Para nosotros, subir por esas presas de piedra mientras dos enormes placas de&hellip;","_links":{"self":[{"href":"https:\/\/candelasantana.fpcei.eu\/index.php?rest_route=\/wp\/v2\/pages\/539","targetHints":{"allow":["GET"]}}],"collection":[{"href":"https:\/\/candelasantana.fpcei.eu\/index.php?rest_route=\/wp\/v2\/pages"}],"about":[{"href":"https:\/\/candelasantana.fpcei.eu\/index.php?rest_route=\/wp\/v2\/types\/page"}],"author":[{"embeddable":true,"href":"https:\/\/candelasantana.fpcei.eu\/index.php?rest_route=\/wp\/v2\/users\/2"}],"replies":[{"embeddable":true,"href":"https:\/\/candelasantana.fpcei.eu\/index.php?rest_route=%2Fwp%2Fv2%2Fcomments&post=539"}],"version-history":[{"count":1,"href":"https:\/\/candelasantana.fpcei.eu\/index.php?rest_route=\/wp\/v2\/pages\/539\/revisions"}],"predecessor-version":[{"id":542,"href":"https:\/\/candelasantana.fpcei.eu\/index.php?rest_route=\/wp\/v2\/pages\/539\/revisions\/542"}],"wp:featuredmedia":[{"embeddable":true,"href":"https:\/\/candelasantana.fpcei.eu\/index.php?rest_route=\/wp\/v2\/media\/540"}],"wp:attachment":[{"href":"https:\/\/candelasantana.fpcei.eu\/index.php?rest_route=%2Fwp%2Fv2%2Fmedia&parent=539"}],"curies":[{"name":"wp","href":"https:\/\/api.w.org\/{rel}","templated":true}]}}