{"id":607,"date":"2026-02-07T12:42:07","date_gmt":"2026-02-07T12:42:07","guid":{"rendered":"https:\/\/candelasantana.fpcei.eu\/?page_id=607"},"modified":"2026-02-07T12:42:08","modified_gmt":"2026-02-07T12:42:08","slug":"cabana-8","status":"publish","type":"page","link":"https:\/\/candelasantana.fpcei.eu\/?page_id=607","title":{"rendered":"CABA\u00d1A 8"},"content":{"rendered":"\n<p>Aqu\u00ed en la caba\u00f1a 8 \u2013 \u00a1s\u00ed, ocho, no diez, para los despistados! \u2013 somos los hijos de Afrodita, y d\u00e9jame decirte, nuestra caba\u00f1a es un oasis de estilo y encanto. Por fuera, olv\u00eddate de las construcciones toscas y los colores aburridos. Nuestra caba\u00f1a es una visi\u00f3n, pintada en tonos pastel suaves, como rosas empolvados y lavandas, con ventanas amplias y cortinas que ondean suavemente con la brisa. Siempre hay flores frescas en el porche, y a menudo, un rastro sutil de perfume dulce flota en el aire. Algunas campistas se quejan de que es \u00abdemasiado\u00bb, pero \u00bfacaso la belleza tiene l\u00edmites? \u00a1Nosotros no lo creemos!<\/p>\n\n\n\n<p>Pero si el exterior te impresiona, el interior te dejar\u00e1 sin aliento. Cada rinc\u00f3n de nuestra caba\u00f1a es una extensi\u00f3n de nuestra personalidad y del amor por todo lo bello. Las paredes est\u00e1n decoradas con tapices elegantes, espejos adornados y fotograf\u00edas que capturan los momentos m\u00e1s glamurosos del campamento. Las camas, lejos de ser simples literas, son lechos c\u00f3modos con doseles de tela vaporosa, almohadas mullidas y colchas de seda. Siempre hay un rinc\u00f3n para el maquillaje, la ropa y los accesorios, y un suministro constante de las \u00faltimas revistas de moda y cotilleos. Es un lugar para relajarse, socializar y, por supuesto, perfeccionar tu estilo.<\/p>\n\n\n\n<p>Puede que otras caba\u00f1as se r\u00edan de nuestra atenci\u00f3n a la apariencia o de nuestras interminables discusiones sobre moda y relaciones. Pero somos mucho m\u00e1s que solo caras bonitas. Somos los que elevamos el esp\u00edritu, los que entendemos la importancia de la conexi\u00f3n y los que a menudo podemos resolver un conflicto con una simple sonrisa y una palabra amable. Nuestra caba\u00f1a es un refugio de belleza, amistad y aceptaci\u00f3n. Es donde los hijos de Afrodita encontramos nuestro equilibrio, donde podemos ser nosotros mismos en toda nuestra brillante y fabulosa gloria. Y, sinceramente, \u00bfqui\u00e9n no querr\u00eda un poco m\u00e1s de eso en su vida?<\/p>\n\n\n\n<figure class=\"wp-block-image size-full\"><img fetchpriority=\"high\" decoding=\"async\" width=\"1024\" height=\"1024\" src=\"https:\/\/candelasantana.fpcei.eu\/wp-content\/uploads\/2026\/02\/Gemini_Generated_Image_dsxgf4dsxgf4dsxg.jpg\" alt=\"\" class=\"wp-image-608\" srcset=\"https:\/\/candelasantana.fpcei.eu\/wp-content\/uploads\/2026\/02\/Gemini_Generated_Image_dsxgf4dsxgf4dsxg.jpg 1024w, https:\/\/candelasantana.fpcei.eu\/wp-content\/uploads\/2026\/02\/Gemini_Generated_Image_dsxgf4dsxgf4dsxg-300x300.jpg 300w, https:\/\/candelasantana.fpcei.eu\/wp-content\/uploads\/2026\/02\/Gemini_Generated_Image_dsxgf4dsxgf4dsxg-100x100.jpg 100w, https:\/\/candelasantana.fpcei.eu\/wp-content\/uploads\/2026\/02\/Gemini_Generated_Image_dsxgf4dsxgf4dsxg-600x600.jpg 600w, https:\/\/candelasantana.fpcei.eu\/wp-content\/uploads\/2026\/02\/Gemini_Generated_Image_dsxgf4dsxgf4dsxg-150x150.jpg 150w, https:\/\/candelasantana.fpcei.eu\/wp-content\/uploads\/2026\/02\/Gemini_Generated_Image_dsxgf4dsxgf4dsxg-768x768.jpg 768w\" sizes=\"(max-width: 1024px) 100vw, 1024px\" \/><\/figure>\n\n\n\n<figure class=\"wp-block-image size-full\"><img decoding=\"async\" width=\"1024\" height=\"1024\" src=\"https:\/\/candelasantana.fpcei.eu\/wp-content\/uploads\/2026\/02\/Gemini_Generated_Image_siafabsiafabsiaf.jpg\" alt=\"\" class=\"wp-image-609\" srcset=\"https:\/\/candelasantana.fpcei.eu\/wp-content\/uploads\/2026\/02\/Gemini_Generated_Image_siafabsiafabsiaf.jpg 1024w, https:\/\/candelasantana.fpcei.eu\/wp-content\/uploads\/2026\/02\/Gemini_Generated_Image_siafabsiafabsiaf-300x300.jpg 300w, https:\/\/candelasantana.fpcei.eu\/wp-content\/uploads\/2026\/02\/Gemini_Generated_Image_siafabsiafabsiaf-100x100.jpg 100w, https:\/\/candelasantana.fpcei.eu\/wp-content\/uploads\/2026\/02\/Gemini_Generated_Image_siafabsiafabsiaf-600x600.jpg 600w, https:\/\/candelasantana.fpcei.eu\/wp-content\/uploads\/2026\/02\/Gemini_Generated_Image_siafabsiafabsiaf-150x150.jpg 150w, https:\/\/candelasantana.fpcei.eu\/wp-content\/uploads\/2026\/02\/Gemini_Generated_Image_siafabsiafabsiaf-768x768.jpg 768w\" sizes=\"(max-width: 1024px) 100vw, 1024px\" \/><\/figure>\n","protected":false},"excerpt":{"rendered":"<p>Aqu\u00ed en la caba\u00f1a 8 \u2013 \u00a1s\u00ed, ocho, no diez, para los despistados! \u2013 somos los hijos de Afrodita, y d\u00e9jame decirte, nuestra caba\u00f1a es un oasis de estilo y encanto. Por fuera, olv\u00eddate de las construcciones toscas y los colores aburridos. Nuestra caba\u00f1a es una visi\u00f3n, pintada en tonos pastel suaves, como rosas empolvados [&hellip;]<\/p>\n","protected":false},"author":2,"featured_media":0,"parent":0,"menu_order":0,"comment_status":"closed","ping_status":"closed","template":"","meta":{"_uag_custom_page_level_css":"","footnotes":""},"class_list":["post-607","page","type-page","status-publish","hentry"],"uagb_featured_image_src":{"full":false,"thumbnail":false,"medium":false,"medium_large":false,"large":false,"1536x1536":false,"2048x2048":false,"blogarise-slider-full":false,"blogarise-featured":false,"blogarise-medium":false,"woocommerce_thumbnail":false,"woocommerce_single":false,"woocommerce_gallery_thumbnail":false},"uagb_author_info":{"display_name":"candela","author_link":"https:\/\/candelasantana.fpcei.eu\/?author=2"},"uagb_comment_info":0,"uagb_excerpt":"Aqu\u00ed en la caba\u00f1a 8 \u2013 \u00a1s\u00ed, ocho, no diez, para los despistados! \u2013 somos los hijos de Afrodita, y d\u00e9jame decirte, nuestra caba\u00f1a es un oasis de estilo y encanto. Por fuera, olv\u00eddate de las construcciones toscas y los colores aburridos. Nuestra caba\u00f1a es una visi\u00f3n, pintada en tonos pastel suaves, como rosas empolvados&hellip;","_links":{"self":[{"href":"https:\/\/candelasantana.fpcei.eu\/index.php?rest_route=\/wp\/v2\/pages\/607","targetHints":{"allow":["GET"]}}],"collection":[{"href":"https:\/\/candelasantana.fpcei.eu\/index.php?rest_route=\/wp\/v2\/pages"}],"about":[{"href":"https:\/\/candelasantana.fpcei.eu\/index.php?rest_route=\/wp\/v2\/types\/page"}],"author":[{"embeddable":true,"href":"https:\/\/candelasantana.fpcei.eu\/index.php?rest_route=\/wp\/v2\/users\/2"}],"replies":[{"embeddable":true,"href":"https:\/\/candelasantana.fpcei.eu\/index.php?rest_route=%2Fwp%2Fv2%2Fcomments&post=607"}],"version-history":[{"count":1,"href":"https:\/\/candelasantana.fpcei.eu\/index.php?rest_route=\/wp\/v2\/pages\/607\/revisions"}],"predecessor-version":[{"id":610,"href":"https:\/\/candelasantana.fpcei.eu\/index.php?rest_route=\/wp\/v2\/pages\/607\/revisions\/610"}],"wp:attachment":[{"href":"https:\/\/candelasantana.fpcei.eu\/index.php?rest_route=%2Fwp%2Fv2%2Fmedia&parent=607"}],"curies":[{"name":"wp","href":"https:\/\/api.w.org\/{rel}","templated":true}]}}